{"id":1545,"date":"2018-03-19T16:21:29","date_gmt":"2018-03-19T16:21:29","guid":{"rendered":"http:\/\/marcamadeira.com\/marina\/?page_id=1545"},"modified":"2022-07-22T14:37:11","modified_gmt":"2022-07-22T14:37:11","slug":"plano-de-emergencia","status":"publish","type":"page","link":"https:\/\/www.marinadofunchal.pt\/islandmadeira\/plano-de-emergencia\/","title":{"rendered":"Plano de Emerg\u00eancia"},"content":{"rendered":"\t\t<div data-elementor-type=\"wp-page\" data-elementor-id=\"1545\" class=\"elementor elementor-1545\">\n\t\t\t\t\t\t<div class=\"elementor-inner\">\n\t\t\t\t<div class=\"elementor-section-wrap\">\n\t\t\t\t\t\t\t\t\t<section class=\"elementor-section elementor-top-section elementor-element elementor-element-6c2192d0 elementor-section-boxed elementor-section-height-default elementor-section-height-default sc_fly_static\" data-id=\"6c2192d0\" data-element_type=\"section\">\n\t\t\t\t\t\t<div class=\"elementor-container elementor-column-gap-extended\">\n\t\t\t\t\t\t\t<div class=\"elementor-row\">\n\t\t\t\t\t<div class=\"elementor-column elementor-col-100 elementor-top-column elementor-element elementor-element-52723750 sc_inner_width_none sc_content_align_inherit sc_layouts_column_icons_position_left sc_fly_static\" data-id=\"52723750\" data-element_type=\"column\">\n\t\t\t<div class=\"elementor-column-wrap elementor-element-populated\">\n\t\t\t\t\t\t\t<div class=\"elementor-widget-wrap\">\n\t\t\t\t\t\t<div class=\"elementor-element elementor-element-291d07d6 sc_fly_static elementor-widget elementor-widget-text-editor\" data-id=\"291d07d6\" data-element_type=\"widget\" data-widget_type=\"text-editor.default\">\n\t\t\t\t<div class=\"elementor-widget-container\">\n\t\t\t\t\t\t\t\t<div class=\"elementor-text-editor elementor-clearfix\">\n\t\t\t\t<p>Um plano de Preven\u00e7\u00e3o e Emerg\u00eancia pode definir-se como a sistematiza\u00e7\u00e3o de um conjunto de normas de procedimento a evitar ou minimizar os efeitos de sinistros que se prev\u00ea que possam ocorrer, gerindo de forma optimizada os recursos existentes.<\/p><p>Dispondo a Marina do Funchal de vigil\u00e2ncia permanente, ser\u00e3o os funcion\u00e1rios da Marina as primeiras pessoas a contactar em caso de sinistro, estes por sua vez ir\u00e3o agir em fun\u00e7\u00e3o da gravidade da situa\u00e7\u00e3o.<\/p><p><!-- 000f021b2bbb889a301925ba8e446663 --><\/p>\t\t\t\t\t<\/div>\n\t\t\t\t\t\t<\/div>\n\t\t\t\t<\/div>\n\t\t\t\t\t\t<\/div>\n\t\t\t\t\t<\/div>\n\t\t<\/div>\n\t\t\t\t\t\t\t\t<\/div>\n\t\t\t\t\t<\/div>\n\t\t<\/section>\n\t\t\t\t<section class=\"elementor-section elementor-top-section elementor-element elementor-element-77edca4 elementor-section-boxed elementor-section-height-default elementor-section-height-default sc_fly_static\" data-id=\"77edca4\" data-element_type=\"section\">\n\t\t\t\t\t\t<div class=\"elementor-container elementor-column-gap-extended\">\n\t\t\t\t\t\t\t<div class=\"elementor-row\">\n\t\t\t\t\t<div class=\"elementor-column elementor-col-100 elementor-top-column elementor-element elementor-element-53ef608 sc_inner_width_none sc_content_align_inherit sc_layouts_column_icons_position_left sc_fly_static\" data-id=\"53ef608\" data-element_type=\"column\">\n\t\t\t<div class=\"elementor-column-wrap elementor-element-populated\">\n\t\t\t\t\t\t\t<div class=\"elementor-widget-wrap\">\n\t\t\t\t\t\t<div class=\"elementor-element elementor-element-ab003f4 sc_fly_static elementor-widget elementor-widget-image\" data-id=\"ab003f4\" data-element_type=\"widget\" data-widget_type=\"image.default\">\n\t\t\t\t<div class=\"elementor-widget-container\">\n\t\t\t\t\t\t\t\t<div class=\"elementor-image\">\n\t\t\t\t\t\t\t\t\t\t\t\t\t<a href=\"https:\/\/www.marinadofunchal.pt\/islandmadeira\/wp-content\/uploads\/2022\/07\/Plano-Emergencia_Marina-Funchal-2022.pdf\" target=\"_blank\">\n\t\t\t\t\t\t\t<img loading=\"lazy\" decoding=\"async\" width=\"4283\" height=\"3099\" src=\"https:\/\/www.marinadofunchal.pt\/islandmadeira\/wp-content\/uploads\/2022\/07\/MARINA-Funchal-Plano-Emergencia_2022.png\" class=\"attachment-full size-full\" alt=\"\" srcset=\"https:\/\/www.marinadofunchal.pt\/islandmadeira\/wp-content\/uploads\/2022\/07\/MARINA-Funchal-Plano-Emergencia_2022.png 4283w, https:\/\/www.marinadofunchal.pt\/islandmadeira\/wp-content\/uploads\/2022\/07\/MARINA-Funchal-Plano-Emergencia_2022-300x217.png 300w, https:\/\/www.marinadofunchal.pt\/islandmadeira\/wp-content\/uploads\/2022\/07\/MARINA-Funchal-Plano-Emergencia_2022-1024x741.png 1024w, https:\/\/www.marinadofunchal.pt\/islandmadeira\/wp-content\/uploads\/2022\/07\/MARINA-Funchal-Plano-Emergencia_2022-768x556.png 768w, https:\/\/www.marinadofunchal.pt\/islandmadeira\/wp-content\/uploads\/2022\/07\/MARINA-Funchal-Plano-Emergencia_2022-1536x1111.png 1536w, https:\/\/www.marinadofunchal.pt\/islandmadeira\/wp-content\/uploads\/2022\/07\/MARINA-Funchal-Plano-Emergencia_2022-2048x1482.png 2048w, https:\/\/www.marinadofunchal.pt\/islandmadeira\/wp-content\/uploads\/2022\/07\/MARINA-Funchal-Plano-Emergencia_2022-370x268.png 370w, https:\/\/www.marinadofunchal.pt\/islandmadeira\/wp-content\/uploads\/2022\/07\/MARINA-Funchal-Plano-Emergencia_2022-840x608.png 840w, https:\/\/www.marinadofunchal.pt\/islandmadeira\/wp-content\/uploads\/2022\/07\/MARINA-Funchal-Plano-Emergencia_2022-410x297.png 410w, https:\/\/www.marinadofunchal.pt\/islandmadeira\/wp-content\/uploads\/2022\/07\/MARINA-Funchal-Plano-Emergencia_2022-1320x955.png 1320w\" sizes=\"auto, (max-width: 4283px) 100vw, 4283px\" \/>\t\t\t\t\t\t\t\t<\/a>\n\t\t\t\t\t\t\t\t\t\t\t\t\t\t<\/div>\n\t\t\t\t\t\t<\/div>\n\t\t\t\t<\/div>\n\t\t\t\t\t\t<\/div>\n\t\t\t\t\t<\/div>\n\t\t<\/div>\n\t\t\t\t\t\t\t\t<\/div>\n\t\t\t\t\t<\/div>\n\t\t<\/section>\n\t\t\t\t\t\t\t\t\t<\/div>\n\t\t\t<\/div>\n\t\t\t\t\t<\/div>\n\t\t","protected":false},"excerpt":{"rendered":"<p>Um plano de Preven\u00e7\u00e3o e Emerg\u00eancia pode definir-se como a sistematiza\u00e7\u00e3o de um conjunto de&hellip;<\/p>\n","protected":false},"author":1,"featured_media":0,"parent":0,"menu_order":0,"comment_status":"closed","ping_status":"closed","template":"","meta":{"footnotes":""},"class_list":["post-1545","page","type-page","status-publish","hentry"],"yoast_head":"<!-- This site is optimized with the Yoast SEO plugin v27.0 - https:\/\/yoast.com\/product\/yoast-seo-wordpress\/ -->\n<title>Plano de Emerg\u00eancia - Marina do Funchal<\/title>\n<meta name=\"robots\" content=\"index, follow, max-snippet:-1, max-image-preview:large, max-video-preview:-1\" \/>\n<link rel=\"canonical\" href=\"https:\/\/www.marinadofunchal.pt\/islandmadeira\/plano-de-emergencia\/\" \/>\n<meta property=\"og:locale\" content=\"pt_PT\" \/>\n<meta property=\"og:type\" content=\"article\" \/>\n<meta property=\"og:title\" content=\"Plano de Emerg\u00eancia - Marina do Funchal\" \/>\n<meta property=\"og:description\" content=\"Um plano de Preven\u00e7\u00e3o e Emerg\u00eancia pode definir-se como a sistematiza\u00e7\u00e3o de um conjunto de&hellip;\" \/>\n<meta property=\"og:url\" content=\"https:\/\/www.marinadofunchal.pt\/islandmadeira\/plano-de-emergencia\/\" \/>\n<meta property=\"og:site_name\" content=\"Marina do Funchal\" \/>\n<meta property=\"article:modified_time\" content=\"2022-07-22T14:37:11+00:00\" \/>\n<meta property=\"og:image\" content=\"https:\/\/www.marinadofunchal.pt\/islandmadeira\/wp-content\/uploads\/2022\/07\/MARINA-Funchal-Plano-Emergencia_2022.png\" \/>\n<meta name=\"twitter:card\" content=\"summary_large_image\" \/>\n<meta name=\"twitter:label1\" content=\"Tempo estimado de leitura\" \/>\n\t<meta name=\"twitter:data1\" content=\"1 minuto\" \/>\n<script type=\"application\/ld+json\" class=\"yoast-schema-graph\">{\"@context\":\"https:\/\/schema.org\",\"@graph\":[{\"@type\":\"WebPage\",\"@id\":\"https:\/\/www.marinadofunchal.pt\/islandmadeira\/plano-de-emergencia\/\",\"url\":\"https:\/\/www.marinadofunchal.pt\/islandmadeira\/plano-de-emergencia\/\",\"name\":\"Plano de Emerg\u00eancia - Marina do Funchal\",\"isPartOf\":{\"@id\":\"https:\/\/www.marinadofunchal.pt\/islandmadeira\/#website\"},\"primaryImageOfPage\":{\"@id\":\"https:\/\/www.marinadofunchal.pt\/islandmadeira\/plano-de-emergencia\/#primaryimage\"},\"image\":{\"@id\":\"https:\/\/www.marinadofunchal.pt\/islandmadeira\/plano-de-emergencia\/#primaryimage\"},\"thumbnailUrl\":\"https:\/\/www.marinadofunchal.pt\/islandmadeira\/wp-content\/uploads\/2022\/07\/MARINA-Funchal-Plano-Emergencia_2022.png\",\"datePublished\":\"2018-03-19T16:21:29+00:00\",\"dateModified\":\"2022-07-22T14:37:11+00:00\",\"breadcrumb\":{\"@id\":\"https:\/\/www.marinadofunchal.pt\/islandmadeira\/plano-de-emergencia\/#breadcrumb\"},\"inLanguage\":\"pt-PT\",\"potentialAction\":[{\"@type\":\"ReadAction\",\"target\":[\"https:\/\/www.marinadofunchal.pt\/islandmadeira\/plano-de-emergencia\/\"]}]},{\"@type\":\"ImageObject\",\"inLanguage\":\"pt-PT\",\"@id\":\"https:\/\/www.marinadofunchal.pt\/islandmadeira\/plano-de-emergencia\/#primaryimage\",\"url\":\"https:\/\/www.marinadofunchal.pt\/islandmadeira\/wp-content\/uploads\/2022\/07\/MARINA-Funchal-Plano-Emergencia_2022.png\",\"contentUrl\":\"https:\/\/www.marinadofunchal.pt\/islandmadeira\/wp-content\/uploads\/2022\/07\/MARINA-Funchal-Plano-Emergencia_2022.png\",\"width\":4283,\"height\":3099},{\"@type\":\"BreadcrumbList\",\"@id\":\"https:\/\/www.marinadofunchal.pt\/islandmadeira\/plano-de-emergencia\/#breadcrumb\",\"itemListElement\":[{\"@type\":\"ListItem\",\"position\":1,\"name\":\"In\u00edcio\",\"item\":\"https:\/\/www.marinadofunchal.pt\/islandmadeira\/\"},{\"@type\":\"ListItem\",\"position\":2,\"name\":\"Plano de Emerg\u00eancia\"}]},{\"@type\":\"WebSite\",\"@id\":\"https:\/\/www.marinadofunchal.pt\/islandmadeira\/#website\",\"url\":\"https:\/\/www.marinadofunchal.pt\/islandmadeira\/\",\"name\":\"Marina do Funchal\",\"description\":\"Ilha da Madeira\",\"publisher\":{\"@id\":\"https:\/\/www.marinadofunchal.pt\/islandmadeira\/#organization\"},\"potentialAction\":[{\"@type\":\"SearchAction\",\"target\":{\"@type\":\"EntryPoint\",\"urlTemplate\":\"https:\/\/www.marinadofunchal.pt\/islandmadeira\/?s={search_term_string}\"},\"query-input\":{\"@type\":\"PropertyValueSpecification\",\"valueRequired\":true,\"valueName\":\"search_term_string\"}}],\"inLanguage\":\"pt-PT\"},{\"@type\":\"Organization\",\"@id\":\"https:\/\/www.marinadofunchal.pt\/islandmadeira\/#organization\",\"name\":\"Marina do Funchal\",\"url\":\"https:\/\/www.marinadofunchal.pt\/islandmadeira\/\",\"logo\":{\"@type\":\"ImageObject\",\"inLanguage\":\"pt-PT\",\"@id\":\"https:\/\/www.marinadofunchal.pt\/islandmadeira\/#\/schema\/logo\/image\/\",\"url\":\"https:\/\/www.marinadofunchal.pt\/islandmadeira\/wp-content\/uploads\/2022\/05\/logo.jpeg\",\"contentUrl\":\"https:\/\/www.marinadofunchal.pt\/islandmadeira\/wp-content\/uploads\/2022\/05\/logo.jpeg\",\"width\":200,\"height\":268,\"caption\":\"Marina do Funchal\"},\"image\":{\"@id\":\"https:\/\/www.marinadofunchal.pt\/islandmadeira\/#\/schema\/logo\/image\/\"}}]}<\/script>\n<!-- \/ Yoast SEO plugin. -->","yoast_head_json":{"title":"Plano de Emerg\u00eancia - Marina do Funchal","robots":{"index":"index","follow":"follow","max-snippet":"max-snippet:-1","max-image-preview":"max-image-preview:large","max-video-preview":"max-video-preview:-1"},"canonical":"https:\/\/www.marinadofunchal.pt\/islandmadeira\/plano-de-emergencia\/","og_locale":"pt_PT","og_type":"article","og_title":"Plano de Emerg\u00eancia - Marina do Funchal","og_description":"Um plano de Preven\u00e7\u00e3o e Emerg\u00eancia pode definir-se como a sistematiza\u00e7\u00e3o de um conjunto de&hellip;","og_url":"https:\/\/www.marinadofunchal.pt\/islandmadeira\/plano-de-emergencia\/","og_site_name":"Marina do Funchal","article_modified_time":"2022-07-22T14:37:11+00:00","og_image":[{"url":"https:\/\/www.marinadofunchal.pt\/islandmadeira\/wp-content\/uploads\/2022\/07\/MARINA-Funchal-Plano-Emergencia_2022.png","type":"","width":"","height":""}],"twitter_card":"summary_large_image","twitter_misc":{"Tempo estimado de leitura":"1 minuto"},"schema":{"@context":"https:\/\/schema.org","@graph":[{"@type":"WebPage","@id":"https:\/\/www.marinadofunchal.pt\/islandmadeira\/plano-de-emergencia\/","url":"https:\/\/www.marinadofunchal.pt\/islandmadeira\/plano-de-emergencia\/","name":"Plano de Emerg\u00eancia - Marina do Funchal","isPartOf":{"@id":"https:\/\/www.marinadofunchal.pt\/islandmadeira\/#website"},"primaryImageOfPage":{"@id":"https:\/\/www.marinadofunchal.pt\/islandmadeira\/plano-de-emergencia\/#primaryimage"},"image":{"@id":"https:\/\/www.marinadofunchal.pt\/islandmadeira\/plano-de-emergencia\/#primaryimage"},"thumbnailUrl":"https:\/\/www.marinadofunchal.pt\/islandmadeira\/wp-content\/uploads\/2022\/07\/MARINA-Funchal-Plano-Emergencia_2022.png","datePublished":"2018-03-19T16:21:29+00:00","dateModified":"2022-07-22T14:37:11+00:00","breadcrumb":{"@id":"https:\/\/www.marinadofunchal.pt\/islandmadeira\/plano-de-emergencia\/#breadcrumb"},"inLanguage":"pt-PT","potentialAction":[{"@type":"ReadAction","target":["https:\/\/www.marinadofunchal.pt\/islandmadeira\/plano-de-emergencia\/"]}]},{"@type":"ImageObject","inLanguage":"pt-PT","@id":"https:\/\/www.marinadofunchal.pt\/islandmadeira\/plano-de-emergencia\/#primaryimage","url":"https:\/\/www.marinadofunchal.pt\/islandmadeira\/wp-content\/uploads\/2022\/07\/MARINA-Funchal-Plano-Emergencia_2022.png","contentUrl":"https:\/\/www.marinadofunchal.pt\/islandmadeira\/wp-content\/uploads\/2022\/07\/MARINA-Funchal-Plano-Emergencia_2022.png","width":4283,"height":3099},{"@type":"BreadcrumbList","@id":"https:\/\/www.marinadofunchal.pt\/islandmadeira\/plano-de-emergencia\/#breadcrumb","itemListElement":[{"@type":"ListItem","position":1,"name":"In\u00edcio","item":"https:\/\/www.marinadofunchal.pt\/islandmadeira\/"},{"@type":"ListItem","position":2,"name":"Plano de Emerg\u00eancia"}]},{"@type":"WebSite","@id":"https:\/\/www.marinadofunchal.pt\/islandmadeira\/#website","url":"https:\/\/www.marinadofunchal.pt\/islandmadeira\/","name":"Marina do Funchal","description":"Ilha da Madeira","publisher":{"@id":"https:\/\/www.marinadofunchal.pt\/islandmadeira\/#organization"},"potentialAction":[{"@type":"SearchAction","target":{"@type":"EntryPoint","urlTemplate":"https:\/\/www.marinadofunchal.pt\/islandmadeira\/?s={search_term_string}"},"query-input":{"@type":"PropertyValueSpecification","valueRequired":true,"valueName":"search_term_string"}}],"inLanguage":"pt-PT"},{"@type":"Organization","@id":"https:\/\/www.marinadofunchal.pt\/islandmadeira\/#organization","name":"Marina do Funchal","url":"https:\/\/www.marinadofunchal.pt\/islandmadeira\/","logo":{"@type":"ImageObject","inLanguage":"pt-PT","@id":"https:\/\/www.marinadofunchal.pt\/islandmadeira\/#\/schema\/logo\/image\/","url":"https:\/\/www.marinadofunchal.pt\/islandmadeira\/wp-content\/uploads\/2022\/05\/logo.jpeg","contentUrl":"https:\/\/www.marinadofunchal.pt\/islandmadeira\/wp-content\/uploads\/2022\/05\/logo.jpeg","width":200,"height":268,"caption":"Marina do Funchal"},"image":{"@id":"https:\/\/www.marinadofunchal.pt\/islandmadeira\/#\/schema\/logo\/image\/"}}]}},"_links":{"self":[{"href":"https:\/\/www.marinadofunchal.pt\/islandmadeira\/wp-json\/wp\/v2\/pages\/1545","targetHints":{"allow":["GET"]}}],"collection":[{"href":"https:\/\/www.marinadofunchal.pt\/islandmadeira\/wp-json\/wp\/v2\/pages"}],"about":[{"href":"https:\/\/www.marinadofunchal.pt\/islandmadeira\/wp-json\/wp\/v2\/types\/page"}],"author":[{"embeddable":true,"href":"https:\/\/www.marinadofunchal.pt\/islandmadeira\/wp-json\/wp\/v2\/users\/1"}],"replies":[{"embeddable":true,"href":"https:\/\/www.marinadofunchal.pt\/islandmadeira\/wp-json\/wp\/v2\/comments?post=1545"}],"version-history":[{"count":9,"href":"https:\/\/www.marinadofunchal.pt\/islandmadeira\/wp-json\/wp\/v2\/pages\/1545\/revisions"}],"predecessor-version":[{"id":18997,"href":"https:\/\/www.marinadofunchal.pt\/islandmadeira\/wp-json\/wp\/v2\/pages\/1545\/revisions\/18997"}],"wp:attachment":[{"href":"https:\/\/www.marinadofunchal.pt\/islandmadeira\/wp-json\/wp\/v2\/media?parent=1545"}],"curies":[{"name":"wp","href":"https:\/\/api.w.org\/{rel}","templated":true}]}}